13
What are the prime factors of -31451*-4*(116/112 + -1)?
4493
Let f(v) = -v**3 - 20*v**2 - 18*v + 22. Let o = -40 - -21. Let q be f(o). What are the prime factors of -2*(-260)/15 + (-2)/q?
2, 17
Let w(g) = -g**3 - 4*g**2 + 3. Let x be w(-4). Suppose -25 - 111 = -14*o + 200. Suppose d = x*d - o. List the prime factors of d.
2, 3
Let r = 500 - 489. Suppose 7*l + 1807 = r*l + 3*s, l - 445 = -3*s. List the prime factors of l.
2, 227
Let q(l) = -l**2 - 24*l - 54. Let f be q(-30). Let t = 400 - f. What are the prime factors of t?
2, 317
What are the prime factors of (-4 + -3)*13288/(-8)?
7, 11, 151
List the prime factors of (832/(-48))/(-52) - (-17918)/3.
3, 11, 181
Suppose -56*q + 45*q = -110. Let x(c) = 46*c + 45. What are the prime factors of x(q)?
5, 101
Let t(v) = -13*v + 6 - 16*v + 2*v**2 - 20. Let o be t(15). List the prime factors of (-3)/(-3) + (180 - (3 + o)).
3, 59
Let u = -4082 - -8760. Suppose 6*x - u + 1384 = 0. What are the prime factors of x?
3, 61
Let y = 5416 + -9401. Let x = -2644 - y. What are the prime factors of x?
3, 149
Suppose -3*u = -5*h - 45535, -5*u - h - 1399 = -77328. What are the prime factors of u?
5, 3037
Suppose 2*q + 539 = 3*g, 4*g - 6*q - 688 = -11*q. Suppose -7*j = -5 - g. What are the prime factors of 1/((-6)/j)*-12?
2, 13
Suppose a + 7*p - 31 = 0, -5*p = 7*a - 3*a - 101. List the prime factors of -3*(-56)/a - -1823.
2, 3, 5, 61
Suppose 3*j + 3*w - 21 = 0, -j - 2*w + 8 + 0 = 0. What are the prime factors of (j/(-8))/(2/(-8)) - -45?
2, 3
Let u(d) = 60*d + 21. Let j be u(-6). Let v = j - -477. Suppose 9*a - 681 = v. List the prime factors of a.
7, 13
Suppose -239*i - 64610 = 168*i - 12453283. List the prime factors of i.
61, 499
Suppose 5*b + 12*d = 10*d - 7600, 0 = -b + d - 1520. List the prime factors of (52/(-65))/(2/b).
2, 19
Suppose 2 = -2*l + 2. Suppose l = -r + 6*r - 30. Suppose 11*y - 640 = r*y. What are the prime factors of y?
2
Let l = -3426 - -20227. List the prime factors of l.
53, 317
Suppose 3*z = y - 5 - 4, 5*z = -3*y + 13. Suppose -7*t = -10*t + y. Suppose t*b - 1000 = -6*b. List the prime factors of b.
5
Let i = 181 - 292. Let t = -120 - i. Let a(z) = z**3 + 8*z**2 - 13*z - 27. What are the prime factors of a(t)?
3
Let a = -42 - -36. Let b(j) = 2*j**3 + 8*j**2 + j - 11. Let z be b(a). Let r = z + 251. What are the prime factors of r?
2, 3, 5
Suppose -m = -2*f - 3173, 3*f + 4634 + 108 = 5*m. Let a = 2261 + f. List the prime factors of a.
2, 3, 7
Let o = -4749 + 15162. List the prime factors of o.
3, 13, 89
Let m(l) = 93*l**2 + 23*l + 599. What are the prime factors of m(-16)?
3, 2671
Let j = -26173 - -43948. List the prime factors of j.
3, 5, 79
Suppose 2*u - 3*m = 4922, 0 = 18*u - 16*u + 5*m - 4938. What are the prime factors of u?
2, 7, 11
Let r(u) = -u. Let w be r(-10). Suppose 368 = -w*i + 11*i. Suppose 0 = 4*t - 2*z - i, -t - 4*z + 473 = 4*t. List the prime factors of t.
3, 31
Let d(j) = j**3 + 42*j**2 + 4*j + 174. Let x be d(-42). Suppose -949 = -x*n + 185. List the prime factors of n.
3, 7
Suppose -p - 14949 = 8*p. What are the prime factors of (2/(-2))/(9977/p - -6)?
151
Suppose 182*i + 178*i = 77760. List the prime factors of i.
2, 3
Suppose -146*a + 29018 = -135*a. Let i = -1523 + a. What are the prime factors of i?
5, 223
Suppose -5*a + 108 = 98. Suppose 4*b - 916 = 4*w, -4*b + 912 = -7*w + a*w. List the prime factors of b.
233
Suppose 15*p = 22*p - 490. Let d = 307 - p. What are the prime factors of d?
3, 79
List the prime factors of 4397 + ((-350)/(-7))/10.
2, 31, 71
Suppose -12*k - 18 = -126. Suppose 0 = -k*h - 5*h + 70. Suppose 3*g + h*z - 543 = 0, -2*g = -6*z + 4*z - 346. What are the prime factors of g?
2, 11
Let c(p) = 12*p + 3. Let s be c(1). Suppose 17*f = 20*f - s. Suppose -68 - 792 = -f*q. What are the prime factors of q?
2, 43
Suppose 0 = 38*y - 101683 - 1085613 - 39192. What are the prime factors of y?
2, 8069
Let t(m) = -3*m**2 + 23*m + 22. Let f be t(12). Let d = f + 324. Suppose 28*n - d = 27*n. List the prime factors of n.
2, 5, 19
Let g(a) = 2*a**2 - 74*a + 21. Let i be g(36). Let n = 82 + i. What are the prime factors of n?
31
Let x be 3 - (-88)/104 - 4/(-26). Suppose 0 = -2*r - 3*q + 349, -6*r + 5*q = -x*r - 325. What are the prime factors of r?
2, 5, 17
Let m be ((-8)/2)/((-14)/28). Suppose -3*s + 2*l + 301 = 0, m*l = 2*s + 3*l - 186. What are the prime factors of s?
103
Suppose -2*g + 10843 = 3*f, -g + 1687 + 3727 = 3*f. What are the prime factors of g?
61, 89
Let b = -118 + 121. What are the prime factors of (-4*b/9)/(6/(-1359))?
2, 151
What are the prime factors of (8/36 - 3066/(-54))*(-2 + 655)?
3, 19, 653
Let i = -62 + 37. What are the prime factors of 5188/10 + i/(-125)?
3, 173
Let w be (1/(-4))/(6/(-96)). Suppose -5*g + 1064 = -w*d, 0*g - 884 = -4*g - 5*d. List the prime factors of g.
2, 3
Let w(d) = -d**3 - 22*d**2 + 9*d + 38. Let l(h) = -h**2 - 27*h + 35. Let x be l(-29). List the prime factors of w(x).
2, 3, 5
Let c = -39 - -43. What are the prime factors of 4950/12 + (-6)/c?
3, 137
Let s(y) = y**2 - 14. Let a be s(0). List the prime factors of 90/(-3)*a/4.
3, 5, 7
Let p(z) = -z**3 + 9*z**2 + 12*z - 10. Suppose -4*w = -3*n + w + 2, 10 = 5*w. Let s be n/8*-2*3 + 12. List the prime factors of p(s).
2, 7
Suppose -y = -6*y + 15, -5*o + 7 = -y. Let f = -408 - -499. Suppose 154 = 2*d + 3*l - f, 0 = o*d - 5*l - 253. What are the prime factors of d?
2, 31
Let u(z) = z**3 + 2*z**2 - 10*z - 9. Let m be u(-4). Let c(p) = p - 9. Let b be c(10). What are the prime factors of (-34)/(-1 - b) - m?
2, 3
Suppose -z + 7332 = 4*s, -z - 54*s + 51*s + 7332 = 0. What are the prime factors of z?
2, 3, 13, 47
Let i = -149 - -101. Let y be 2 + 17/7 + i/112. Suppose -6*w + j = -2*w - 95, y*w - 3*j = 85. List the prime factors of w.
5
Let z = 63 + -58. Suppose 7*t - 8*t = -5*c - 152, z*c - 558 = -4*t. List the prime factors of t.
2, 71
Let a = -332 + 239. Let m = 170 + a. What are the prime factors of m?
7, 11
Let s(f) = f**3 - 9*f**2 - 3*f - 6. Let h be ((-2)/6)/(9/(-81)). Suppose h*a = 2*c + 24, -5*c = -2*a + 5 - 0. List the prime factors of s(a).
2
List the prime factors of -1*(-9)/(-27)*-17499.
19, 307
Suppose -4*w - 60942 = -2*x, -18942 - 72525 = -3*x - 3*w. What are the prime factors of x?
3, 1129
Let r = -29 + 37. Let l(k) = 35*k - 51. List the prime factors of l(r).
229
Let w(p) = p**2 + 2*p - 56. Let t be 8/(16/21)*(-12)/(-9). What are the prime factors of w(t)?
2, 3, 7
Let g(z) = -z**3 + 70*z**2 - 211*z + 643. Let q be g(67). Suppose 5*i - 615 = 5*l, i = -4*i - 2*l + 608. Let d = q + i. List the prime factors of d.
5, 19
Let s be (99/(-54) + (-1)/6)*516. Let a = s + 1576. What are the prime factors of a?
2, 17
Suppose 3*l = 2*l - 5, 4*o = 3*l + 55. Let d(n) = -23*n**2 - 12 + 15*n**2 - n**3 + 19*n**2 - 8*n. What are the prime factors of d(o)?
2
Let o(u) = 24*u**3 + u**2 - 11*u + 59. Let y be o(5). Suppose r - y = -3*h, 2*r - 2487 = -2*h - 469. What are the prime factors of h?
2, 5, 101
Let q(j) = j**3 + 14*j**2 + 11*j + 6. Let r be 268/(-22) + 2*1/11. Let h be q(r). What are the prime factors of -148*h/(-144)*2/3?
3, 37
Suppose -14*v = -1084 - 176. Suppose -14*k - v = -19*k. What are the prime factors of 1922/k - 14/(-63)?
107
Let z be ((-10)/4)/(7/(-14)). Suppose -z*i - 2*k = 334, -334 - 2 = 5*i + 3*k. What are the prime factors of (-131)/(-2) - i/44?
67
Suppose 35*z = -4*z + 1482. Suppose 42*m = z*m + 3800. What are the prime factors of m?
2, 5, 19
Let c(v) = 4*v**3 + 2*v**2 + 33*v - 119. List the prime factors of c(6).
5, 7, 29
Let w be (-4)/(-2 + -2)*(-1 + -5). List the prime factors of 282/(w/48*-12).
2, 47
Let s = 2 + -2. Let v = 8 + s. List the prime factors of ((-4)/(-5))/(0 + v/900).
2, 3, 5
Let b = 137 + -214. Let k = -89 - b. Let y = k - -132. List the prime factors of y.
2, 3, 5
Let h(j) = 11*j**2 - 33*j - 108. What are the prime factors of h(-33)?
2, 3, 5
Suppose 3*o + s - 21133 = 475, 0 = 5*o - s - 36024. List the prime factors of o.
2, 1801
Let f = 77 - 131. Let r = 121 + f. Let y = 43 + r. List the prime factors of y.
2, 5, 11
Let f(k) = -2*k**3 + 8*k**2 + 23*k + 10. Let y = -412 + 406. List the prime factors of f(y).
2, 37
Suppose -7*p + 40040 - 1995 = 0. List the prime factors of p.
5, 1087
Suppose 578 = -11*w - 698. What are the prime factors of (-30